 356383259?
8
What is the hundred thousands digit of 68053092?
0
What is the thousands digit of 3234328798?
8
What is the ten thousands digit of 9418245322?
4
What is the billions digit of 1129120515?
1
What is the hundred thousands digit of 151410330?
4
What is the hundreds digit of 38825127?
1
What is the ten millions digit of 493368607?
9
What is the tens digit of 25709146?
4
What is the millions digit of 1533525411?
3
What is the hundred millions digit of 2210614367?
2
What is the units digit of 4976705020?
0
What is the ten thousands digit of 6591008376?
0
What is the hundred thousands digit of 374426273?
4
What is the thousands digit of 61547481?
7
What is the ten thousands digit of 43753570?
5
What is the tens digit of 23330716?
1
What is the ten thousands digit of 1748757?
4
What is the hundreds digit of 44573463?
4
What is the hundreds digit of 390290341?
3
What is the units digit of 1255790010?
0
What is the tens digit of 2093662503?
0
What is the hundred millions digit of 740680749?
7
What is the millions digit of 956727708?
6
What is the hundred thousands digit of 452925529?
9
What is the units digit of 46616069?
9
What is the thousands digit of 86753847?
3
What is the thousands digit of 442535186?
5
What is the thousands digit of 1153592232?
2
What is the ten millions digit of 3094342697?
9
What is the ten millions digit of 632278936?
3
What is the tens digit of 149092231?
3
What is the millions digit of 3578885489?
8
What is the ten millions digit of 5825798696?
2
What is the millions digit of 105254429?
5
What is the hundred thousands digit of 1356995720?
9
What is the ten thousands digit of 233207685?
0
What is the thousands digit of 3295808178?
8
What is the hundreds digit of 82864456?
4
What is the millions digit of 822498358?
2
What is the tens digit of 587487521?
2
What is the ten millions digit of 52376503?
5
What is the hundred millions digit of 1625851524?
6
What is the tens digit of 34563335?
3
What is the units digit of 51988244?
4
What is the units digit of 1372159790?
0
What is the millions digit of 265558477?
5
What is the hundred thousands digit of 1324865?
3
What is the tens digit of 72746713?
1
What is the tens digit of 73078422?
2
What is the units digit of 4795287321?
1
What is the millions digit of 233439361?
3
What is the hundred millions digit of 2671291071?
6
What is the units digit of 171444375?
5
What is the tens digit of 67756222?
2
What is the tens digit of 5065614?
1
What is the hundreds digit of 53403754?
7
What is the millions digit of 13107537?
3
What is the units digit of 695342773?
3
What is the ten millions digit of 252936168?
5
What is the ten millions digit of 97379426?
9
What is the millions digit of 3521232812?
1
What is the millions digit of 113841232?
3
What is the tens digit of 15868245?
4
What is the millions digit of 5789316?
5
What is the tens digit of 636632112?
1
What is the millions digit of 277881021?
7
What is the hundreds digit of 3727941020?
0
What is the hundred thousands digit of 521612063?
6
What is the ten thousands digit of 270186889?
8
What is the thousands digit of 896991157?
1
What is the units digit of 550582523?
3
What is the thousands digit of 21874649?
4
What is the ten thousands digit of 850192357?
9
What is the ten thousands digit of 345495421?
9
What is the ten thousands digit of 484310799?
1
What is the hundred thousands digit of 403667676?
6
What is the thousands digit of 64084756?
4
What is the hundreds digit of 2956879?
8
What is the hundred millions digit of 1478999626?
4
What is the hundred thousands digit of 81069721?
0
What is the units digit of 19551872?
2
What is the hundred thousands digit of 6841332?
8
What is the millions digit of 2524881296?
4
What is the ten thousands digit of 847474592?
7
What is the tens digit of 234263934?
3
What is the units digit of 54718064?
4
What is the hundreds digit of 50065572?
5
What is the hundred millions digit of 458502200?
4
What is the millions digit of 13452026?
3
What is the ten thousands digit of 44921176?
2
What is the millions digit of 207440157?
7
What is the hundred thousands digit of 1446167485?
1
What is the units digit of 44685340?
0
What is the billions digit of 1414935500?
1
What is the hundred thousands digit of 108922972?
9
What is the tens digit of 2047169489?
8
What is the thousands digit of 409481749?
1
What is the units digit of 39292031?
1
What is the hundreds digit of 2273761960?
9
What is the millions digit of 66774614?
6
What is the millions digit of 1016232464?
6
What is the hundred thousands digit of 274541209?
5
What is the hundred thousands digit of 688970996?
9
What is the thousands digit of 1492055692?
5
What is the tens digit of 1660997865?
6
What is the ten thousands digit of 58027103?
2
What is the ten millions digit of 4604727293?
0
What is the units digit of 225235665?
5
What is the millions digit of 609771155?
9
What is the ten millions digit of 45061987?
4
What is the ten millions digit of 975087823?
7
What is the tens digit of 3568416033?
3
What is the billions digit of 1891850059?
1
What is the hundred millions digit of 323084636?
3
What is the ten millions digit of 393756451?
9
What is the ten millions digit of 1194094670?
9
What is the tens digit of 292397591?
9
What is the ten thousands digit of 300345676?
4
What is the tens digit of 29405733?
3
What is the thousands digit of 393321318?
1
What is the tens digit of 96984662?
6
What is the units digit of 8308421?
1
What is the billions digit of 1663414922?
1
What is the thousands digit of 5643607709?
7
What is the hundred millions digit of 390150877?
3
What is the millions digit of 1313835182?
3
What is the ten thousands digit of 290754236?
5
What is the units digit of 183038700?
0
What is the millions digit of 1734998582?
4
What is the billions digit of 1044439600?
1
What is the ten millions digit of 2084195277?
8
What is the hundred thousands digit of 346936829?
9
What is the tens digit of 2273074031?
3
What is the tens digit of 1869532631?
3
What is the hundred millions digit of 300420503?
3
What is the ten thousands digit of 6920862?
2
What is the millions digit of 472758643?
2
What is the tens digit of 40812334?
3
What is the hundreds digit of 1213283254?
2
What is the units digit of 41555713?
3
What is the hundred thousands digit of 96543168?
5
What is the ten thousands digit of 614041201?
4
What is the thousands digit of 335608725?
8
What is the hundred millions digit of 106315062?
1
What is the ten thousands digit of 64951981?
5
What is the millions digit of 56395085?
6
What is the tens digit of 7705639?
3
What is the hundred thousands digit of 1873270500?
2
What is the ten thousands digit of 1486936?
8
What is the hundreds digit of 280973681?
6
What is the hundreds digit of 51232275?
2
What is the hundred thousands digit of 21942947?
9
What is the hundred millions digit of 602261338?
6
What is the tens digit of 181525429?
2
What is the hundred thousands digit of 572105242?
1
What is the units digit of 12639871?
1
What is the tens digit of 1235513405?
0
What is the hundreds digit of 170508361?
3
What is the thousands digit of 380421041?
1
What is the thousands digit of 41533527?
3
What is the units digit of 2628894089?
9
What is the thousands digit of 280114040?
4
What is the units digit of 2648053741?
1
What is the hundred thousands digit of 401345505?
3
What is the millions digit of 19846117?
9
What is the tens digit of 202173074?
7
What is the ten thousands digit of 22148734?
4
What is the units digit of 40605343?
3
What is the hundreds digit of 340992649?
6
What is the tens digit of 405539329?
2
What is the thousands digit of 154983527?
3
What is the tens digit of 765054907?
0
What is the thousands digit of 6693938506?
8
What is the hundred thousands digit of 53400420?
4
What is the tens digit of 88805030?
3
What is the hundred thousands digit of 1224485978?
4
What is the thousands digit of 37829207?
9
What is the ten millions digit of 1915648240?
1
What is the tens digit of 7836519223?
2
What is the tens digit of 56904307?
0
What is the millions digit of 11242825?
1
What is the hundreds digit of 540397201?
2
What is the ten thousands digit of 36218410?
1
What is the hundred thousands digit of 287092000?
0
What i